 7514 and 23764.
26
Calculate the highest common divisor of 609698992 and 224.
112
Calculate the highest common factor of 2712567629 and 23.
23
What is the greatest common factor of 1448 and 329963?
181
Calculate the highest common factor of 657164374 and 9318.
3106
Calculate the highest common divisor of 34 and 164154482.
34
Calculate the greatest common factor of 13668664 and 7152.
1192
Calculate the highest common divisor of 121 and 761596385.
121
What is the greatest common factor of 138225527 and 1873?
1873
What is the greatest common factor of 119172388 and 9624?
1604
Calculate the highest common divisor of 328659 and 555.
3
Calculate the highest common factor of 10162254 and 55136.
3446
What is the greatest common divisor of 45938 and 212519?
223
What is the greatest common factor of 420953854 and 3781?
3781
Calculate the greatest common factor of 94180 and 5140.
20
What is the greatest common divisor of 823781 and 91105?
959
Calculate the highest common factor of 74062075 and 50.
25
What is the greatest common factor of 1249318 and 406?
14
What is the highest common factor of 1659856 and 704?
176
Calculate the greatest common divisor of 88 and 518705.
11
Calculate the greatest common divisor of 3668894 and 34.
2
Calculate the greatest common factor of 1100110 and 333135.
55
Calculate the greatest common factor of 441 and 614112975.
63
What is the highest common divisor of 94437 and 134883?
63
Calculate the greatest common divisor of 3362384 and 992.
496
Calculate the greatest common factor of 690 and 7122594.
138
What is the greatest common factor of 231 and 2367057?
231
Calculate the greatest common factor of 13 and 115421.
1
Calculate the greatest common divisor of 11185406 and 10856.
46
What is the highest common factor of 1496592 and 303696?
2736
What is the highest common divisor of 2590443 and 1224?
153
Calculate the highest common factor of 75605561 and 981.
109
Calculate the highest common divisor of 42136 and 4935248.
184
What is the highest common factor of 168 and 16107?
21
What is the highest common divisor of 1226438 and 2?
2
What is the greatest common factor of 1219775214 and 42?
42
What is the greatest common factor of 30385 and 9375?
5
Calculate the greatest common divisor of 223414512 and 72.
24
What is the highest common divisor of 514 and 207714853?
257
What is the greatest common factor of 7595720 and 2288?
88
Calculate the greatest common factor of 5361 and 57924.
3
Calculate the greatest common divisor of 7178066 and 827166.
3098
What is the highest common factor of 2111100 and 6700?
100
Calculate the highest common divisor of 21692 and 66528088.
1276
What is the highest common divisor of 6984 and 51111?
9
Calculate the greatest common divisor of 592 and 561904.
16
Calculate the highest common factor of 98 and 261009910.
14
Calculate the highest common factor of 45 and 304297755.
15
Calculate the greatest common divisor of 1161 and 42536502.
27
What is the greatest common divisor of 11081 and 7882?
7
What is the highest common factor of 2657 and 4264485?
2657
Calculate the greatest common divisor of 1014909 and 2460102.
4677
What is the highest common factor of 27731160 and 2536?
2536
What is the highest common divisor of 40974248 and 88?
8
Calculate the highest common factor of 555339 and 9.
3
What is the highest common divisor of 131201 and 12341?
7
Calculate the highest common factor of 54176 and 144.
16
What is the highest common divisor of 598679550 and 75?
75
What is the highest common divisor of 599 and 408636602?
599
Calculate the highest common divisor of 3540 and 25033110.
1770
Calculate the highest common divisor of 13079 and 12360557.
451
What is the highest common factor of 25277200 and 7400?
200
Calculate the highest common divisor of 415476591 and 342.
57
What is the greatest common divisor of 78203853 and 147?
147
What is the greatest common divisor of 74 and 200524201?
37
Calculate the highest common factor of 2756103 and 1274.
49
Calculate the highest common divisor of 4150 and 9700600.
50
What is the highest common factor of 6674 and 2136949?
47
What is the highest common divisor of 12442 and 93047497?
6221
What is the highest common factor of 1939 and 34643?
7
What is the highest common divisor of 707392 and 576?
64
What is the highest common factor of 201726 and 9498?
6
Calculate the highest common divisor of 803 and 768617.
73
What is the greatest common factor of 9600 and 2633700?
300
Calculate the greatest common factor of 3703050 and 5070.
390
What is the highest common factor of 2486 and 81818?
22
Calculate the highest common divisor of 393569 and 11187.
11
What is the greatest common divisor of 180 and 1014885?
45
What is the greatest common divisor of 156 and 19612749?
39
Calculate the greatest common factor of 822 and 69368991.
411
Calculate the highest common divisor of 82332406 and 39.
13
What is the highest common factor of 4255 and 2594699?
851
What is the highest common divisor of 16465 and 1753060?
185
Calculate the highest common factor of 1178640 and 19800.
360
What is the greatest common factor of 5194447 and 776?
97
What is the greatest common divisor of 27782208 and 126?
18
What is the highest common divisor of 144324 and 31608?
36
What is the greatest common factor of 3384 and 12484548?
36
What is the highest common factor of 8157970 and 22208?
694
Calculate the greatest common divisor of 1488664 and 8.
8
Calculate the greatest common factor of 90 and 1618416.
18
What is the highest common factor of 58559031 and 5022?
2511
What is the highest common divisor of 33 and 7509?
3
What is the highest common factor of 41328498 and 228252?
4962
What is the greatest common factor of 570089164 and 4?
4
Calculate the greatest common factor of 183608 and 169448.
472
Calculate the greatest common divisor of 117 and 112055710.
13
Calculate the greatest common factor of 4999929 and 156354.
3399
What is the greatest common divisor of 13056 and 2266304?
1088
Calculate the greatest common divisor of 122797012 and 7828.
412
What is the highest common divisor of 3484 and 32085027?
871
Calculate the greatest common divisor of 20320 and 9560.
40
What is the highest common divisor of 2926 and 821674?
266
Calculate the greatest common divisor of 207580748 and 5972.
5972
Calculate the highest common factor of 97 and 1722720.
97
What is the greatest common factor of 155917561 and 730?
73
What is the highest common divisor of 131291 and 1649?
17
What is the greatest common divisor of 24530 and 20392235?
1115
What is the highest common divisor of 2085 and 78003186?
417
What is the greatest common divisor of 16800 and 815376?
48
What is the greatest common divisor of 6235940 and 5780?
340
Calculate the greatest common factor of 548 and 53532.
4
Calculate the greatest common divisor of 7144 and 73343876.
3572
What is the greatest common divisor of 16391600 and 48?
16
Calculate the highest common divisor of 1230 and 62340090.
1230
What is the highest common divisor of 1698623 and 7548?
17
What is the highest common divisor of 31 and 13412274?
31
What is the highest common divisor of 16139391 and 59?
59
Calculate the highest common factor of 22 and 140577338.
22
Calculate the highest common divisor of 122247 and 35927035.
13583
What is the highest common divisor of 202 and 4663877?
101
Calculate the greatest common divisor of 11745 and 3696075.
45
Calculate the highest common divisor of 1715345 and 15.
5
What is the greatest common factor of 735938 and 2212?
14
Calculate the greatest common factor of 39716055 and 945.
135
What is the greatest common factor of 728460 and 2430?
270
Calculate the greatest common divisor of 86203 and 2588533.
349
What is the highest common divisor of 243357348 and 156?
156
What is the greatest common factor of 217344 and 5106?
6
What is the highest common divisor of 6748533 and 2178?
1089
What is the highest common factor of 40 and 175678960?
40
What is the highest common divisor of 966 and 565561122?
966
What is the highest common divisor of 114350256 and 12720?
2544
Calculate the highest common divisor of 4332433 and 374.
17
What is the greatest common factor of 3842 and 17442?
34
Calculate the greatest common divisor of 1160436 and 864.
12
What is the greatest common